+ 11. Let g(d) = -5*x(d) + 7*z(d). Give g(p).
-12
Let r(x) be the second derivative of -x**6/720 + x**5/12 + 31*x**4/6 + 17*x - 1. Let w(f) be the third derivative of r(f). Determine w(7).
3
Suppose 7*r = 17*r + 4590. Let v = r - -453. Let t(q) = -q**3 - 5*q**2 + 4*q - 9. Give t(v).
3
Let l(h) be the second derivative of -h**4/12 + 2*h**3 - 13*h**2 - 1577*h. Calculate l(7).
9
Let n(z) = 16*z - 76. Let r(p) = 8*p + 1077. Let y be r(-134). Calculate n(y).
4
Suppose 6*x + 5 = 17. Let h be (-1296)/21 - x/7. Let u = h + 60. Let m(g) = g + 2. What is m(u)?
0
Suppose -5*z = 9*x - 4*x - 435, z - 112 = 4*x. Let t = z - 99. Let j(k) = -k**2 - 6*k + 7. Give j(t).
0
Let g(x) = 2*x**2 + 12*x - 279. Let v be g(10). Let l(d) = -d**2 + 41*d + 7. Calculate l(v).
7
Let q(n) = 3989 - 7986 + 3990 + n. Determine q(-8).
-15
Suppose -184 = -4*n - 3*g, -n - 32*g + 28*g + 59 = 0. Let b(t) = t**2 - 45*t + 91. Let u be b(n). Let q(l) = -l**3 + 3*l**2 + 10*l + 3. What is q(u)?
3
Let d(v) be the first derivative of v**3/3 + 5*v**2 + 17*v + 1202. What is d(-7)?
-4
Let a(j) = -j**3 + 8*j**2 + 18*j + 15. Let u be a(10). Let g be 2/11 + 93/33. Let c(s) = -4*s + g*s + 21 + 0*s - 25. Determine c(u).
1
Let g(j) = 2 + 0 - 12834*j + 4277*j + 4282*j + 4276*j - 1. Let y(s) = -s**2 + 3*s + 1. Let w be y(4). Determine g(w).
-2
Let t(h) = h**2 + 3*h - 5. Let c be t(-4). Let m(d) be the first derivative of 3*d**2/2 - 2*d + 10399. Determine m(c).
-5
Let z be (-11 - -17)/((-6)/(-4)). Let x(k) be the third derivative of k**5/60 - k**4/8 + k**3/3 - 20*k**2. What is x(z)?
6
Let r = 4615/2 - 9229/4. Let w(x) be the first derivative of 4/3*x**3 + 4*x**2 - r*x**4 - 21 - 5*x. Calculate w(5).
10
Let z(t) be the third derivative of -13*t**6/24 - t**5/15 - 5*t**4/24 - t**3/6 - 1309*t**2 - 3. Give z(-1).
65
Let u(v) be the third derivative of 15*v**2 + 0*v + 1/6*v**4 + 0 + 0*v**3 - 1/12*v**5 + 1/120*v**6. What is u(3)?
-6
Let d(p) = -p**2 + 5*p - 5. Let f(h) = 2*h**2 - 29*h - 8. Let a be f(15). Let n(m) = -12 + a*m - 13*m + m + 17*m - 2*m**2. Let k be n(4). Determine d(k).
-1
Let x(j) = 3*j + 7. Let p be (74 - 75)/((5/4)/(-5)). Suppose 56 = p*h - 4*t + 8, 0 = 5*h + 4*t - 42. Calculate x(h).
37
Let p(z) = 2*z - 4 - 19 - 11 - z - 5. What is p(13)?
-26
Let r(w) be the third derivative of -w**4/8 + w**3/2 - 3405*w**2. Let o = 3 - -3. Calculate r(o).
-15
Let n be 332/(-581) - 1/((-7)/11). Let k(h) = -18*h**2 - h + 1. Give k(n).
-18
Let w(q) = 22*q**2 + q + 1. Suppose 0 = 3*t + 1669 - 1702. Suppose -4*g - t = -5*a, 4*a = -21*g + 25*g + 12. Give w(a).
22
Let b(v) = -4*v - v - 21884*v**2 + 21879*v**2 + 9*v**3. Give b(-2).
-82
Let v(l) = -8*l**3 + l**2. Let i(x) = 31*x**3 - 5*x**2 - 2*x + 1. Let d(o) = 3*i(o) + 11*v(o). Give d(2).
15
Let v(t) = 3 - 1 + 2*t**2 + 36*t + 31*t**3 - 14*t - 19*t. Calculate v(-1).
-30
Let r(h) = -h**3 - 10*h**2 - 7*h - 65. Let j be r(-10). Suppose -4*c = -6*c - 2*s - 18, -j*c - 30 = 2*s. Let v(k) = k**2 + 4*k + 1. Calculate v(c).
1
Suppose 109*z = 99*z - 80. Let m(k) = 12*k + 84. Give m(z).
-12
Let f(c) be the third derivative of -c**7/420 + c**6/720 - c**5/60 + 121*c**4/24 + 4*c**2 + 23. Let p(i) be the second derivative of f(i). What is p(2)?
-24
Suppose 17*c - 80 = -3*c. Let b(w) = w - 13. Let l(o) = o - 11. Let k(f) = c*b(f) - 3*l(f). What is k(11)?
-8
Let r(u) = -u**3 + 21*u**2 - 104*u + 31. Let d be r(7). Let l(z) = z**3 + 11*z**2 - 8. Determine l(d).
-8
Let x(h) = 7*h - 38. Let v = 2251 + -2240. What is x(v)?
39
Suppose 7*b + 4 = 46. Suppose b*i = 2*f + i - 2, f = -3*i + 12. Let x(l) = l**3 - 5*l**2 - 3*l + 2. What is x(f)?
20
Let u(q) = q**3 - 2*q**2 - 7101*q + q**2 + 7103*q + 72. Give u(0).
72
Let r be (24/(-4))/((-1)/51). Suppose 0 = 20*i - 3*i - r. Let h = 14 - i. Let m(c) = c**3 + 6*c**2 + 7*c + 4. Determine m(h).
8
Let f(q) = q + 1. Let b(s) = 12*s - 20. Let m(y) = -b(y) + f(y). Let v(z) = 6 + 16 - 18 + 3 - 4*z. Let k(o) = 6*m(o) - 17*v(o). What is k(-5)?
-3
Suppose -1350 = 17*s - 20*s. Suppose s - 120 = 10*m. Suppose 3 = -2*h + 5*i, i + m = 5*h + 2*i. Let r(f) = f**3 - 7*f**2 + 6*f - 4. Determine r(h).
-4
Let j(v) = v**2 - 119. Let l = 12989 + -12978. Calculate j(l).
2
Let l(r) be the second derivative of -r**4/2 - 52*r**3 + r**2/2 - 3029*r. Determine l(-52).
1
Let p(w) = 7*w**3 + 3*w**2 + 4*w + 2. Let m(z) = 5*z**2 - 16*z + 18. Let j be m(2). Suppose -2*f = -2*i + 8, -i - 3*f - 10 = -j*i. Give p(i).
-6
Let o(k) = k + 2 + 0*k + k**3 + k + 4*k**2. Let f be (11 - -11)*(3 - 2). Suppose 0 = -i + 5*l + f, -5*i - l - 3*l = 35. Determine o(i).
5
Let h(t) be the first derivative of -3*t**4/4 + 2*t**3/3 + 5*t**2/2 - 3*t - 178. Determine h(-3).
81
Let u(x) = -2*x**2 - x + 26 - x**2 + 4*x**2. Let y be -15*((-2)/(-2))/(-3) - 5. What is u(y)?
26
Let z(m) = -11*m - 99. Let q be z(-15). Let t(o) = -3 - 2*o - q*o**2 + 34*o**2 + 34*o**2 + 0*o. Let k(r) = -r**3 + 2*r**2 + 3*r - 3. Let p be k(2). Give t(p).
9
Let i(r) = 18*r**3 - 11*r**2 + 24*r + 23. Let l(w) = -7*w**3 + 5*w**2 - 13*w - 12. Let k(y) = -2*i(y) - 5*l(y). What is k(-4)?
-38
Let t(b) = -9*b - 3. Suppose 0 = 34*i - 17*i - 102. Suppose i*k = 160 - 142. What is t(k)?
-30
Let u(y) = 15*y**2 - 13*y - 9. Let r(x) = 17*x**2 - 13*x - 9. Let g(q) = -8*r(q) + 9*u(q). What is g(-13)?
-9
Let r(p) = -p**3 + 13*p**2 + 33*p - 7. Let z be (0 - -3)/((-8*(-12)/(-240))/(-2)). Determine r(z).
38
Let m = 24 + -17. Let o(t) be the third derivative of t**4/24 - 7*t**3/3 + 188*t**2. Let n be o(m). Let c(b) = b**2 + 9*b + 10. Calculate c(n).
-4
Suppose 32 = -30037*b + 30021*b. Let s(p) = p**3 + 3*p**2 + 5*p + 6. Determine s(b).
0
Suppose 2*k + 2*w - 144 = 0, 109 = 2*k - 11*w + 6*w. Suppose -k*o + 58*o = 54. Let v(a) = a**2 + 7*a + 5. Calculate v(o).
-1
Suppose -304 = -80*g + 16. Let w(y) = 3*y**2 + 2*y + 1. Calculate w(g).
57
Let g(x) = -x + 6. Let l be g(3). Suppose 4*m + 5*f = -0*m + 52, 2*m - 4 = l*f. Let k(w) = -4 + m*w + 6 - 5*w. Calculate k(-4).
-10
Let k(z) = -22*z - 24. Let c(x) = 78*x + 74. Let q(m) = -2*c(m) - 7*k(m). Let s be ((-16)/(-10))/(4/30). Give q(s).
-4
Let g(k) = k**3 - 2*k**2 - 10*k + 7. Let c = 17530 + -17526. Determine g(c).
-1
Suppose -4*u + 15 = 7. Let k be (-40)/6 - u/(-3). Let h(j) be the second derivative of -j**4/12 - 7*j**3/6 - 5*j**2/2 + 232*j. Give h(k).
1
Let r(t) = -387*t + 82 + 1146*t - 386*t - 381*t. What is r(10)?
2
Let r = -18587 - -18596. Let m(b) = -13*b + 134. Calculate m(r).
17
Suppose -14*t - 5*o = -11*t - 14, -4*t + 11 = -o. Suppose -8*x - t*k = -6*x + 25, -5*x - 10 = -3*k. Let f(n) = -2*n**2 - 10*n + 1. Calculate f(x).
1
Let k(c) be the third derivative of -c**6/120 + c**5/10 - c**3/3 + 5*c**2 + 84*c + 2. Give k(-3).
79
Let p(c) = -c**2 + 8. Let x(l) = 7*l**2 + 2*l - 49. Let q(z) = 6*p(z) + x(z). What is q(1)?
2
Let u(c) = c**3 + 8*c**2 + c + 15. Let r be u(-8). Let q(d) = d - 10 + r + 0. Let v(s) = s**3 + s**2 - s. Let m be v(2). Calculate q(m).
7
Let m(i) = -9*i - 2. Suppose -8 = h + 11. Let v = -12 - h. Suppose 5 = f + v. Give m(f).
16
Suppose 264*z + 10 = 5*a + 262*z, 3*a + 3*z - 6 = 0. Let u(m) = 3*m**3 - 4*m**2 + 3*m - 2. Give u(a).
12
Suppose 18 = 5*w - 4*a, -2*a - 2 - 4 = -2*w. Let q = 11 - w. Let u(k) = -k - 3. Calculate u(q).
-8
Suppose -g + 14 = 174*n - 179*n, 42 = 3*g - n. Let x(o) = -28*o + 401. Determine x(g).
9
Let p be (-12*((-126)/48)/(-3))/((-1)/(-2)). Let q(i) = 6*i**2 - 13*i - 13*i**2 - 29*i + 1 + 5*i**2. Calculate q(p).
1
Let w(a) = a - 1. Let v be 6/2 + 6/(-2). Suppose -25 = -v*b - 5*b. Suppose -5*m + 2 - 6 = y, -b*y + 10 = -5*m. Give w(y).
0
Let n(l) be the second derivative of l**3/3 - 11*l**2/2 + 117*l + 4. Determine n(9).
7
Let c(b) = -b - 16. Let u be ((-148)/(-8))/(4 - (-100)/(-24)). Let s = -118 - u. Determine c(s).
-9
Let m(g) be the second derivative of 7*g**4/12 + 2*g**3/3 + g**2/2 + g + 38. Give m(-1).
4
Let p(b) = -4*b + 18. Let h be 3*13/(312/32). What is p(h)?
2
Suppose 28 = 7*m + 7*m. Suppose 2*l + 20 = m*b + 28, l - 4*b = 13. Let s(y) = 13*y**3 - y**2 + y - 1. Determine s(l).
12
Let w(h) = 11*h - 13 - 29 + 6*h - 31*h. Calculate w(-4).
14
Let s(m) = m**3 + 5*m**2 + m - 7. Let k = 47 - 46. Let f be k*4 - ((14 - 8) + 3). Determine s(f).
-12
Suppose 0 = 268*o - 363*o - 628*o - 5061. Let z(q) be the first derivative of -q**4/4 - 8*q**3/3 - 4*q**2 - 8*q + 1. What is z